{"id":503,"date":"2014-02-28T05:31:04","date_gmt":"2014-02-28T05:31:04","guid":{"rendered":"http:\/\/192.232.247.118\/imithemes.com\/dev\/native-church\/?page_id=5"},"modified":"2026-08-25T17:52:29","modified_gmt":"2026-08-25T17:52:29","slug":"home","status":"publish","type":"page","link":"https:\/\/www.indien-institut.de\/cms\/","title":{"rendered":"Home"},"content":{"rendered":"\n<p class=\"has-text-align-right\"><a href=\"https:\/\/www.indien-institut.de\/cms\/\" data-type=\"link\" data-id=\"https:\/\/www.indien-institut.de\/cms\/\">DE<\/a> <a href=\"https:\/\/www.indien-institut.de\/cms\/home-en\/\" data-type=\"link\" data-id=\"https:\/\/www.indien-institut.de\/cms\/home-en\/\">EN<\/a><\/p>\n\n\n\n\n\n<div class=\"wp-block-group\"><div class=\"wp-block-group__inner-container is-layout-constrained wp-block-group-is-layout-constrained\">\n<div class=\"wp-block-buttons is-layout-flex wp-block-buttons-is-layout-flex\">\n<div class=\"wp-block-button\">\n  <a class=\"wp-block-button__link wp-element-button\"\n     href=\"https:\/\/www.indien-institut.de\/cms\/mitwirken\/\"\n     style=\"\n        background-color:#f7e4c2;\n        color:#8a1c1c;\n        border-radius:25px;\n        padding:10px 20px;\n        text-decoration:none;\n        transition: background-color 0.2s ease, color 0.2s ease;\n     \"\n     onmouseover=\"this.style.backgroundColor='#e8c98f';\"\n     onmouseout=\"this.style.backgroundColor='#f7e4c2'; this.style.color='#8a1c1c';\"\n     onmousedown=\"this.style.backgroundColor='#e8c98f';\"\n     onmouseup=\"this.style.backgroundColor='#f7e4c2';\">\n      EHRENAMT\n  <\/a>\n<\/div>\n\n\n\n<div class=\"wp-block-button\">\n  <a class=\"wp-block-button__link wp-element-button\"\n     href=\"https:\/\/www.indien-institut.de\/cms\/mitglied-werden\/\"\n     style=\"\n        background-color:#f7e4c2;\n        color:#8a1c1c;\n        border-radius:25px;\n        padding:10px 20px;\n        text-decoration:none;\n        transition: background-color 0.2s ease, color 0.2s ease;\n     \"\n     onmouseover=\"this.style.backgroundColor='#e8c98f';\"\n     onmouseout=\"this.style.backgroundColor='#f7e4c2'; this.style.color='#8a1c1c';\"\n     onmousedown=\"this.style.backgroundColor='#e8c98f';\"\n     onmouseup=\"this.style.backgroundColor='#f7e4c2';\">\n      MITGLIED WERDEN\n  <\/a>\n<\/div>\n<\/div>\n<\/div><\/div>\n\n\n\n<div class=\"wp-block-buttons is-layout-flex wp-block-buttons-is-layout-flex\">\n<style>\n  .sticky-spenden-button {\n    position: fixed;\n    bottom: 25px;\n    right: 25px;\n    z-index: 9999;\n    text-align: center;\n    font-family: sans-serif;\n  }\n  .spenden-button {\n    background-color: #f7e4c2 !important;\n    color: #8a1c1c !important;\n    width: 90px;   \/* kleinerer Kreis *\/\n    height: 90px;  \/* kleinerer Kreis *\/\n    display: flex;\n    flex-direction: column;\n    justify-content: center;\n    align-items: center;\n    border-radius: 50%;\n    text-decoration: none !important;\n    padding: 8px;\n    box-shadow: 0 6px 12px rgba(0,0,0,0.25);\n    transition: transform 0.2s ease, box-shadow 0.3s ease, background-color 0.2s ease;\n  }\n  .spenden-button:hover {\n    background-color: #f7e4c2 !important;\n    transform: scale(1.06);\n    box-shadow: 0 8px 16px rgba(0,0,0,0.3);\n  }\n  .spenden-button:active,\n  .spenden-button:focus {\n    background-color: #e8c98f !important;\n    color: #8a1c1c !important;\n    outline: none !important;\n  }\n  .spenden-button:visited {\n    background-color: #f7e4c2 !important;\n    color: #8a1c1c !important;\n  }\n  .spenden-icon {\n    margin-bottom: 4px;\n  }\n  .spenden-label {\n    font-size: 0.95em;  \/* gr\u00f6\u00dfere Schrift *\/\n    font-weight: 400;   \/* nicht fett *\/\n    line-height: 1.2;\n    color: #8a1c1c;\n  }\n<\/style>\n<div class=\"sticky-spenden-button\">\n  <a class=\"spenden-button\" href=\"https:\/\/www.indien-institut.de\/cms\/spenden\/\" target=\"_blank\" aria-label=\"Spenden\" rel=\"noopener\">\n    <div class=\"spenden-icon\">\n      <svg width=\"24\" height=\"24\" viewBox=\"0 0 24 24\" fill=\"#8a1c1c\" aria-hidden=\"true\">\n        <path d=\"M12 21c-.3 0-.6-.1-.8-.3C7.1 17.1 4 14.3 4 10.8 4 8.2 6.1 6 8.8 6c1.5 0 2.9.7 3.7 1.9C13.3 6.7 14.7 6 16.2 6 18.9 6 21 8.2 21 10.8c0 3.5-3.1 6.3-7.2 9.9-.2.2-.5.3-.8.3z\"\/>\n      <\/svg>\n    <\/div>\n    <div class=\"spenden-label\">\n      SPENDEN\n    <\/div>\n  <\/a>\n<\/div>\n<\/div>\n\n\n\n<div style=\"height:30px\" aria-hidden=\"true\" class=\"wp-block-spacer\"><\/div>\n\n\n\n<h2 class=\"wp-block-heading\"><strong>INDIEN-INSTITUT IN M\u00dcNCHEN<\/strong><\/h2>\n\n\n\n<p>Das Indien-Institut ist die \u00e4lteste, dem deutsch-indischen Kulturaustausch verpflichtete Organisation ihrer Art in Deutschland. Im Jahre 1929 wurde der Verein als Institute for Cultural Relations\/Indischer Ausschuss bei der Deutschen Akademie, mit Sitz im Maximilianeum, M\u00fcnchen, gegr\u00fcndet. Die Kriegszeit unterbrach die Aktivit\u00e4ten. 1946 wurde die Arbeit wieder aufgenommen. Der Verein wird seit 1960 mit neuer Rechtsform als Indien-Institut e.V. gef\u00fchrt. Das Institut steht mit dem indischen Generalkonsulat in enger Beziehung.<\/p>\n\n\n\n<p>Neben unseren bestehenden Kan\u00e4len sind wir jetzt auch auf <a href=\"https:\/\/www.instagram.com\/indieninstitutmuenchen\/\"><strong>Instagram<\/strong><\/a> aktiv. Wir freuen uns, wenn Sie uns dort ebenfalls begleiten.<\/p>\n\n\n\n<div style=\"height:39px\" aria-hidden=\"true\" class=\"wp-block-spacer\"><\/div>\n\n\n\n<h4 class=\"wp-block-heading\">N\u00c4CHSTE VERANSTALTUNG AM 24. Sep. 2026 <a href=\"https:\/\/www.indien-institut.de\/cms\/event\/ayurveda-am-puls-der-zeit\/?event_date=2026-09-24\">(Tickets reservieren)<\/a><\/h4>\n\n\n\n<figure class=\"wp-block-image size-large is-resized\"><a href=\"https:\/\/www.indien-institut.de\/cms\/event\/ayurveda-am-puls-der-zeit\/?event_date=2026-09-24\"><img decoding=\"async\" width=\"723\" height=\"1024\" src=\"https:\/\/www.indien-institut.de\/cms\/wp-content\/uploads\/2026\/07\/Ayurveda-Tag-2026-D-723x1024.png\" alt=\"\" class=\"wp-image-3793\" style=\"width:905px;height:auto\" srcset=\"https:\/\/www.indien-institut.de\/cms\/wp-content\/uploads\/2026\/07\/Ayurveda-Tag-2026-D-723x1024.png 723w, https:\/\/www.indien-institut.de\/cms\/wp-content\/uploads\/2026\/07\/Ayurveda-Tag-2026-D-212x300.png 212w, https:\/\/www.indien-institut.de\/cms\/wp-content\/uploads\/2026\/07\/Ayurveda-Tag-2026-D-768x1087.png 768w, https:\/\/www.indien-institut.de\/cms\/wp-content\/uploads\/2026\/07\/Ayurveda-Tag-2026-D-958x1356.png 958w, https:\/\/www.indien-institut.de\/cms\/wp-content\/uploads\/2026\/07\/Ayurveda-Tag-2026-D.png 1054w\" sizes=\"(max-width: 723px) 100vw, 723px\" \/><\/a><\/figure>\n\n\n\n<div style=\"height:21px\" aria-hidden=\"true\" class=\"wp-block-spacer\"><\/div>\n\n\n\n<p>Der Internationale Ayurveda-Tag 2026 w\u00fcrdigt Ayurveda als eines der bedeutendsten Gesundheitssysteme Indiens. Die Abendveranstaltung bringt Vertreter aus Diplomatie, Gesundheitswesen, Wissenschaft, Kultur sowie die interessierte \u00d6ffentlichkeit zusammen und f\u00f6rdert den deutsch-indischen Dialog zu Pr\u00e4vention, nachhaltiger Lebensweise und ganzheitlicher Gesundheit.<\/p>\n\n\n\n<div style=\"height:43px\" aria-hidden=\"true\" class=\"wp-block-spacer\"><\/div>\n\n\n\n<h5 class=\"wp-block-heading\">R\u00dcCKBLICK AUF DEN INTERNATIONALEN YOGATAG 2026 IM DEUTSCHEN BUNDESTAG (BERLIN)<\/h5>\n\n\n\n<div class=\"wp-block-cover\"><span aria-hidden=\"true\" class=\"wp-block-cover__background has-background-dim\"><\/span><img decoding=\"async\" width=\"1024\" height=\"684\" class=\"wp-block-cover__image-background wp-image-3591\" alt=\"\" src=\"https:\/\/www.indien-institut.de\/cms\/wp-content\/uploads\/2026\/07\/signal-2026-07-08-16-55-34-446-Kopie-1024x684.jpg\" data-object-fit=\"cover\" srcset=\"https:\/\/www.indien-institut.de\/cms\/wp-content\/uploads\/2026\/07\/signal-2026-07-08-16-55-34-446-Kopie-1024x684.jpg 1024w, https:\/\/www.indien-institut.de\/cms\/wp-content\/uploads\/2026\/07\/signal-2026-07-08-16-55-34-446-Kopie-300x200.jpg 300w, https:\/\/www.indien-institut.de\/cms\/wp-content\/uploads\/2026\/07\/signal-2026-07-08-16-55-34-446-Kopie-768x513.jpg 768w, https:\/\/www.indien-institut.de\/cms\/wp-content\/uploads\/2026\/07\/signal-2026-07-08-16-55-34-446-Kopie-1536x1025.jpg 1536w, https:\/\/www.indien-institut.de\/cms\/wp-content\/uploads\/2026\/07\/signal-2026-07-08-16-55-34-446-Kopie-600x400.jpg 600w, https:\/\/www.indien-institut.de\/cms\/wp-content\/uploads\/2026\/07\/signal-2026-07-08-16-55-34-446-Kopie-958x639.jpg 958w, https:\/\/www.indien-institut.de\/cms\/wp-content\/uploads\/2026\/07\/signal-2026-07-08-16-55-34-446-Kopie-272x182.jpg 272w, https:\/\/www.indien-institut.de\/cms\/wp-content\/uploads\/2026\/07\/signal-2026-07-08-16-55-34-446-Kopie.jpg 2048w\" sizes=\"(max-width: 1024px) 100vw, 1024px\" \/><div class=\"wp-block-cover__inner-container is-layout-flow wp-block-cover-is-layout-flow\">\n<p class=\"has-text-align-left has-large-font-size\"><a href=\"https:\/\/www.indien-institut.de\/cms\/internationaler-yogatag-2026-im-deutschen-bundestag\/\"><mark style=\"background-color:rgba(0, 0, 0, 0)\" class=\"has-inline-color has-white-color\">Unterst\u00fctzt von <br>Indischer Botschaft <br>&amp; indischer Diaspora<\/mark><\/a><br><\/p>\n<\/div><\/div>\n\n\n\n<div style=\"height:51px\" aria-hidden=\"true\" class=\"wp-block-spacer\"><\/div>\n\n\n\n\n\n<div class=\"wp-block-columns is-layout-flex wp-container-core-columns-is-layout-1 wp-block-columns-is-layout-flex\">\n<div class=\"wp-block-column is-layout-flow wp-block-column-is-layout-flow\">\n<h4 class=\"wp-block-heading\"><strong>INDIEN-INSTITUT in M\u00fcnchen als Mittler<\/strong><\/h4>\n\n\n\n<ul class=\"wp-block-list\">\n<li>&#8211; zwischen den beiden L\u00e4ndern und ihren Menschen<\/li>\n\n\n\n<li>&#8211; ihren Kulturen sowie <\/li>\n\n\n\n<li>&#8211; ihrer zuk\u00fcnftigen Entwicklung<\/li>\n<\/ul>\n<\/div>\n\n\n\n<div class=\"wp-block-column is-layout-flow wp-block-column-is-layout-flow\">\n<h4 class=\"wp-block-heading\"><strong>INDIEN-INSTITUT in M\u00fcnchen ist ein Forum f\u00fcr<\/strong><\/h4>\n\n\n\n<ul class=\"wp-block-list\">\n<li>&#8211; Fachvortr\u00e4ge und Diskussionen<\/li>\n\n\n\n<li>&#8211; Veranstaltungen \u00fcber Geschichte, Religion, Kunst und Kultur<\/li>\n\n\n\n<li>&#8211; traditionelle und zeitgen\u00f6ssische Musik- und Tanzvorf\u00fchrungen<\/li>\n\n\n\n<li>&#8211; Informationen \u00fcber Politik, Sprache, Wirtschaft und Wissenschaft<\/li>\n<\/ul>\n<\/div>\n<\/div>\n","protected":false},"excerpt":{"rendered":"<p>DE EN INDIEN-INSTITUT IN M\u00dcNCHEN Das Indien-Institut ist die \u00e4lteste, dem deutsch-indischen Kulturaustausch verpflichtete Organisation ihrer Art in Deutschland. Im Jahre 1929 wurde der Verein als Institute for Cultural Relations\/Indischer Ausschuss bei der Deutschen Akademie, mit Sitz im Maximilianeum, M\u00fcnchen, gegr\u00fcndet. Die Kriegszeit unterbrach die Aktivit\u00e4ten. 1946 wurde die Arbeit wieder aufgenommen. Der Verein wird [&hellip;]<\/p>\n","protected":false},"author":1,"featured_media":0,"parent":0,"menu_order":0,"comment_status":"open","ping_status":"open","template":"template-home.php","meta":{"footnotes":""},"class_list":["post-503","page","type-page","status-publish","hentry"],"_links":{"self":[{"href":"https:\/\/www.indien-institut.de\/cms\/wp-json\/wp\/v2\/pages\/503"}],"collection":[{"href":"https:\/\/www.indien-institut.de\/cms\/wp-json\/wp\/v2\/pages"}],"about":[{"href":"https:\/\/www.indien-institut.de\/cms\/wp-json\/wp\/v2\/types\/page"}],"author":[{"embeddable":true,"href":"https:\/\/www.indien-institut.de\/cms\/wp-json\/wp\/v2\/users\/1"}],"replies":[{"embeddable":true,"href":"https:\/\/www.indien-institut.de\/cms\/wp-json\/wp\/v2\/comments?post=503"}],"version-history":[{"count":413,"href":"https:\/\/www.indien-institut.de\/cms\/wp-json\/wp\/v2\/pages\/503\/revisions"}],"predecessor-version":[{"id":3796,"href":"https:\/\/www.indien-institut.de\/cms\/wp-json\/wp\/v2\/pages\/503\/revisions\/3796"}],"wp:attachment":[{"href":"https:\/\/www.indien-institut.de\/cms\/wp-json\/wp\/v2\/media?parent=503"}],"curies":[{"name":"wp","href":"https:\/\/api.w.org\/{rel}","templated":true}]}}

<p class="has-text-align-right"><a href="https://www.indien-institut.de/cms/" data-type="link" data-id="https://www.indien-institut.de/cms/">DE</a> <a href="https://www.indien-institut.de/cms/home-en/" data-type="link" data-id="https://www.indien-institut.de/cms/home-en/">EN</a></p>





<div class="wp-block-group"><div class="wp-block-group__inner-container is-layout-constrained wp-block-group-is-layout-constrained">
<div class="wp-block-buttons is-layout-flex wp-block-buttons-is-layout-flex">
<div class="wp-block-button">
  <a class="wp-block-button__link wp-element-button"
     href="https://www.indien-institut.de/cms/mitwirken/"
     style="
        background-color:#f7e4c2;
        color:#8a1c1c;
        border-radius:25px;
        padding:10px 20px;
        text-decoration:none;
        transition: background-color 0.2s ease, color 0.2s ease;
     "
     onmouseover="this.style.backgroundColor='#e8c98f';"
     onmouseout="this.style.backgroundColor='#f7e4c2'; this.style.color='#8a1c1c';"
     onmousedown="this.style.backgroundColor='#e8c98f';"
     onmouseup="this.style.backgroundColor='#f7e4c2';">
      EHRENAMT
  </a>
</div>



<div class="wp-block-button">
  <a class="wp-block-button__link wp-element-button"
     href="https://www.indien-institut.de/cms/mitglied-werden/"
     style="
        background-color:#f7e4c2;
        color:#8a1c1c;
        border-radius:25px;
        padding:10px 20px;
        text-decoration:none;
        transition: background-color 0.2s ease, color 0.2s ease;
     "
     onmouseover="this.style.backgroundColor='#e8c98f';"
     onmouseout="this.style.backgroundColor='#f7e4c2'; this.style.color='#8a1c1c';"
     onmousedown="this.style.backgroundColor='#e8c98f';"
     onmouseup="this.style.backgroundColor='#f7e4c2';">
      MITGLIED WERDEN
  </a>
</div>
</div>
</div></div>



<div class="wp-block-buttons is-layout-flex wp-block-buttons-is-layout-flex">
<style>
  .sticky-spenden-button {
    position: fixed;
    bottom: 25px;
    right: 25px;
    z-index: 9999;
    text-align: center;
    font-family: sans-serif;
  }
  .spenden-button {
    background-color: #f7e4c2 !important;
    color: #8a1c1c !important;
    width: 90px;   /* kleinerer Kreis */
    height: 90px;  /* kleinerer Kreis */
    display: flex;
    flex-direction: column;
    justify-content: center;
    align-items: center;
    border-radius: 50%;
    text-decoration: none !important;
    padding: 8px;
    box-shadow: 0 6px 12px rgba(0,0,0,0.25);
    transition: transform 0.2s ease, box-shadow 0.3s ease, background-color 0.2s ease;
  }
  .spenden-button:hover {
    background-color: #f7e4c2 !important;
    transform: scale(1.06);
    box-shadow: 0 8px 16px rgba(0,0,0,0.3);
  }
  .spenden-button:active,
  .spenden-button:focus {
    background-color: #e8c98f !important;
    color: #8a1c1c !important;
    outline: none !important;
  }
  .spenden-button:visited {
    background-color: #f7e4c2 !important;
    color: #8a1c1c !important;
  }
  .spenden-icon {
    margin-bottom: 4px;
  }
  .spenden-label {
    font-size: 0.95em;  /* größere Schrift */
    font-weight: 400;   /* nicht fett */
    line-height: 1.2;
    color: #8a1c1c;
  }
</style>
<div class="sticky-spenden-button">
  <a class="spenden-button" href="https://www.indien-institut.de/cms/spenden/" target="_blank" aria-label="Spenden" rel="noopener">
    <div class="spenden-icon">
      <svg width="24" height="24" viewBox="0 0 24 24" fill="#8a1c1c" aria-hidden="true">
        <path d="M12 21c-.3 0-.6-.1-.8-.3C7.1 17.1 4 14.3 4 10.8 4 8.2 6.1 6 8.8 6c1.5 0 2.9.7 3.7 1.9C13.3 6.7 14.7 6 16.2 6 18.9 6 21 8.2 21 10.8c0 3.5-3.1 6.3-7.2 9.9-.2.2-.5.3-.8.3z"/>
      </svg>
    </div>
    <div class="spenden-label">
      SPENDEN
    </div>
  </a>
</div>
</div>



<div style="height:30px" aria-hidden="true" class="wp-block-spacer"></div>



<h2 class="wp-block-heading"><strong>INDIEN-INSTITUT IN MÜNCHEN</strong></h2>



<p>Das Indien-Institut ist die älteste, dem deutsch-indischen Kulturaustausch verpflichtete Organisation ihrer Art in Deutschland. Im Jahre 1929 wurde der Verein als Institute for Cultural Relations/Indischer Ausschuss bei der Deutschen Akademie, mit Sitz im Maximilianeum, München, gegründet. Die Kriegszeit unterbrach die Aktivitäten. 1946 wurde die Arbeit wieder aufgenommen. Der Verein wird seit 1960 mit neuer Rechtsform als Indien-Institut e.V. geführt. Das Institut steht mit dem indischen Generalkonsulat in enger Beziehung.</p>



<p>Neben unseren bestehenden Kanälen sind wir jetzt auch auf <a href="https://www.instagram.com/indieninstitutmuenchen/"><strong>Instagram</strong></a> aktiv. Wir freuen uns, wenn Sie uns dort ebenfalls begleiten.</p>



<div style="height:39px" aria-hidden="true" class="wp-block-spacer"></div>



<h4 class="wp-block-heading">NÄCHSTE VERANSTALTUNG AM 24. Sep. 2026 <a href="https://www.indien-institut.de/cms/event/ayurveda-am-puls-der-zeit/?event_date=2026-09-24">(Tickets reservieren)</a></h4>



<figure class="wp-block-image size-large is-resized"><a href="https://www.indien-institut.de/cms/event/ayurveda-am-puls-der-zeit/?event_date=2026-09-24"><img decoding="async" width="723" height="1024" src="https://www.indien-institut.de/cms/wp-content/uploads/2026/07/Ayurveda-Tag-2026-D-723x1024.png" alt="" class="wp-image-3793" style="width:905px;height:auto" srcset="https://www.indien-institut.de/cms/wp-content/uploads/2026/07/Ayurveda-Tag-2026-D-723x1024.png 723w, https://www.indien-institut.de/cms/wp-content/uploads/2026/07/Ayurveda-Tag-2026-D-212x300.png 212w, https://www.indien-institut.de/cms/wp-content/uploads/2026/07/Ayurveda-Tag-2026-D-768x1087.png 768w, https://www.indien-institut.de/cms/wp-content/uploads/2026/07/Ayurveda-Tag-2026-D-958x1356.png 958w, https://www.indien-institut.de/cms/wp-content/uploads/2026/07/Ayurveda-Tag-2026-D.png 1054w" sizes="(max-width: 723px) 100vw, 723px" /></a></figure>



<div style="height:21px" aria-hidden="true" class="wp-block-spacer"></div>



<p>Der Internationale Ayurveda-Tag 2026 würdigt Ayurveda als eines der bedeutendsten Gesundheitssysteme Indiens. Die Abendveranstaltung bringt Vertreter aus Diplomatie, Gesundheitswesen, Wissenschaft, Kultur sowie die interessierte Öffentlichkeit zusammen und fördert den deutsch-indischen Dialog zu Prävention, nachhaltiger Lebensweise und ganzheitlicher Gesundheit.</p>



<div style="height:43px" aria-hidden="true" class="wp-block-spacer"></div>



<h5 class="wp-block-heading">RÜCKBLICK AUF DEN INTERNATIONALEN YOGATAG 2026 IM DEUTSCHEN BUNDESTAG (BERLIN)</h5>



<div class="wp-block-cover"><span aria-hidden="true" class="wp-block-cover__background has-background-dim"></span><img decoding="async" width="1024" height="684" class="wp-block-cover__image-background wp-image-3591" alt="" src="https://www.indien-institut.de/cms/wp-content/uploads/2026/07/signal-2026-07-08-16-55-34-446-Kopie-1024x684.jpg" data-object-fit="cover" srcset="https://www.indien-institut.de/cms/wp-content/uploads/2026/07/signal-2026-07-08-16-55-34-446-Kopie-1024x684.jpg 1024w, https://www.indien-institut.de/cms/wp-content/uploads/2026/07/signal-2026-07-08-16-55-34-446-Kopie-300x200.jpg 300w, https://www.indien-institut.de/cms/wp-content/uploads/2026/07/signal-2026-07-08-16-55-34-446-Kopie-768x513.jpg 768w, https://www.indien-institut.de/cms/wp-content/uploads/2026/07/signal-2026-07-08-16-55-34-446-Kopie-1536x1025.jpg 1536w, https://www.indien-institut.de/cms/wp-content/uploads/2026/07/signal-2026-07-08-16-55-34-446-Kopie-600x400.jpg 600w, https://www.indien-institut.de/cms/wp-content/uploads/2026/07/signal-2026-07-08-16-55-34-446-Kopie-958x639.jpg 958w, https://www.indien-institut.de/cms/wp-content/uploads/2026/07/signal-2026-07-08-16-55-34-446-Kopie-272x182.jpg 272w, https://www.indien-institut.de/cms/wp-content/uploads/2026/07/signal-2026-07-08-16-55-34-446-Kopie.jpg 2048w" sizes="(max-width: 1024px) 100vw, 1024px" /><div class="wp-block-cover__inner-container is-layout-flow wp-block-cover-is-layout-flow">
<p class="has-text-align-left has-large-font-size"><a href="https://www.indien-institut.de/cms/internationaler-yogatag-2026-im-deutschen-bundestag/"><mark style="background-color:rgba(0, 0, 0, 0)" class="has-inline-color has-white-color">Unterstützt von <br>Indischer Botschaft <br>&amp; indischer Diaspora</mark></a><br></p>
</div></div>



<div style="height:51px" aria-hidden="true" class="wp-block-spacer"></div>





<div class="wp-block-columns is-layout-flex wp-container-core-columns-is-layout-1 wp-block-columns-is-layout-flex">
<div class="wp-block-column is-layout-flow wp-block-column-is-layout-flow">
<h4 class="wp-block-heading"><strong>INDIEN-INSTITUT in München als Mittler</strong></h4>



<ul class="wp-block-list">
<li>&#8211; zwischen den beiden Ländern und ihren Menschen</li>



<li>&#8211; ihren Kulturen sowie </li>



<li>&#8211; ihrer zukünftigen Entwicklung</li>
</ul>
</div>



<div class="wp-block-column is-layout-flow wp-block-column-is-layout-flow">
<h4 class="wp-block-heading"><strong>INDIEN-INSTITUT in München ist ein Forum für</strong></h4>



<ul class="wp-block-list">
<li>&#8211; Fachvorträge und Diskussionen</li>



<li>&#8211; Veranstaltungen über Geschichte, Religion, Kunst und Kultur</li>



<li>&#8211; traditionelle und zeitgenössische Musik- und Tanzvorführungen</li>



<li>&#8211; Informationen über Politik, Sprache, Wirtschaft und Wissenschaft</li>
</ul>
</div>
</div>

<p>DE EN INDIEN-INSTITUT IN MÜNCHEN Das Indien-Institut ist die älteste, dem deutsch-indischen Kulturaustausch verpflichtete Organisation ihrer Art in Deutschland. Im Jahre 1929 wurde der Verein als Institute for Cultural Relations/Indischer Ausschuss bei der Deutschen Akademie, mit Sitz im Maximilianeum, München, gegründet. Die Kriegszeit unterbrach die Aktivitäten. 1946 wurde die Arbeit wieder aufgenommen. Der Verein wird [&hellip;]</p>
